).
-66
Let f(m) = 10151*m**2 - 152264*m + 16. Calculate f(15).
31
Let q(d) = 2*d**3 + 302*d**2 + 4*d + 155. What is q(-151)?
-449
Let g(q) = q**2 - 655*q + 106900. What is g(309)?
-14
Let k(z) = 118982*z - 4045364. Give k(34).
24
Let k(a) = -6*a**2 + 3811*a + 110725. Give k(663).
4
Let j(o) = 3*o**2 - 115*o + 1354. Give j(27).
436
Let m(t) = 110*t**3 - 14*t**2 + 3*t + 15. Give m(-1).
-112
Let a(w) = -1503*w - 163817. What is a(-109)?
10
Let o(p) = 11*p + 1008. Calculate o(-27).
711
Let h(p) = 24*p**3 + 917*p**2 - 740*p - 154. Calculate h(-39).
-193
Let b(w) = -1934*w + 42952. Determine b(24).
-3464
Let z(v) = 483573*v - 3385013. Calculate z(7).
-2
Let r(h) = -2*h**3 + 332*h**2 + 592*h + 13425. Calculate r(168).
-15
Let l(n) = n**2 + 2240*n + 258399. What is l(-122)?
3
Let y(u) = -u**3 - 4*u**2 - 44*u - 410. Determine y(-9).
391
Let q(j) = 1888*j + 513530. Calculate q(-272).
-6
Let a(k) = 2*k**3 + 16*k**2 + 27*k + 647. Determine a(-11).
-376
Let x(y) = -1647*y + 286368. Determine x(174).
-210
Let y(q) = q**3 + 9*q**2 - 38*q + 288. Determine y(-11).
464
Let f(q) = -q**3 - 7*q**2 - 57*q - 666. What is f(-9)?
9
Let h(o) = -o**3 - 89*o**2 + 7515*o + 668247. What is h(-90)?
-3
Let b(w) = 244*w**2 + 320*w + 615. What is b(-2)?
951
Let j(v) = -1590*v + 11673. Determine j(7).
543
Let c(f) = -3*f**3 + 795*f**2 - 52653*f + 407. Give c(135).
2
Let p(w) = 493*w - 8365. Calculate p(17).
16
Let j(a) = 3*a**3 + 51*a**2 - 2392*a + 112. What is j(-38)?
36
Let h(c) = -c**3 + 2*c**2 + 372*c - 1542. What is h(18)?
-30
Let y(u) = -148*u + 7355. What is y(39)?
1583
Let c(b) = 11339*b + 3004825. Calculate c(-265).
-10
Let m(k) = 2529*k - 349016. Give m(138).
-14
Let v(i) = 22492*i + 89967. What is v(-4)?
-1
Let k(v) = -v**2 - 1667*v + 48607. Give k(29).
-577
Let d(b) = -2*b**3 - 45*b**2 - 932*b - 5010. Determine d(-7).
-5
Let t(f) = 3*f**3 - 27*f**2 + 1024*f - 10531. Calculate t(10).
9
Let y(r) = 2*r**2 - 21*r - 10155. Give y(-67).
230
Let i(m) = -29*m**3 + 112*m**2 - 191*m + 823. Determine i(4).
-5
Let f(d) = 30*d + 129. Give f(-8).
-111
Let a(m) = 83*m**2 - 4154*m - 12992. Calculate a(53).
-7
Let r(g) = 1952*g + 583672. Determine r(-299).
24
Let u(i) = i**2 + 41*i - 3364. Determine u(-82).
-2
Let o(f) = 230627*f + 20295173. What is o(-88)?
-3
Let p(n) = 14*n - 431. Calculate p(10).
-291
Let y(p) = -379*p + 4310. Determine y(14).
-996
Let v(k) = 850*k - 136864. Determine v(161).
-14
Let c(y) = y**2 - 10*y - 471. Determine c(-22).
233
Let n(i) = 14*i**2 - 655*i + 600. Calculate n(46).
94
Let l(f) = 399*f + 6645. What is l(-9)?
3054
Let q(g) = -g**3 - 12*g**2 + 18*g + 111. Give q(-12).
-105
Let z(u) = u**3 + 2*u**2 - 332*u - 2009. What is z(-6)?
-161
Let v(q) = 25*q**3 - 2*q**2 - 4*q + 8. What is v(-1)?
-15
Let a(j) = -11*j**2 + 2817*j - 24452. Determine a(9).
10
Let i(k) = -2*k**3 - 514*k**2 - 5074*k - 33100. Calculate i(-247).
-2
Let f(u) = -213*u**3 - 54*u**2 + 8*u - 5. What is f(-2)?
1467
Let u(q) = q**3 - 12*q**2 + 38*q - 402. What is u(12)?
54
Let r(k) = -9*k**3 + 57*k**2 - 2*k + 49. Give r(7).
-259
Let n(m) = 6612*m - 1024856. Determine n(155).
4
Let o(w) = -3491*w - 87012. What is o(-25)?
263
Let x(w) = -32*w**2 - 234*w - 413. Determine x(-3).
1
Let z(c) = 34*c**3 + 73*c**2 - 36*c - 6. Determine z(-6).
-4506
Let s(b) = 3592*b + 86198. Calculate s(-24).
-10
Let m(p) = -98*p - 22238. Give m(-243).
1576
Let x(k) = -13395*k - 16757156. Determine x(-1251).
-11
Let o(l) = 712*l + 31045. Determine o(-47).
-2419
Let v(y) = 828*y + 48901. Calculate v(-59).
49
Let q(g) = 66*g**2 + 20058*g - 40115. Give q(2).
265
Let n(t) = 12*t**3 - 407*t**2 - 59*t + 150. What is n(34)?
-700
Let m(z) = 21*z**3 - 1429*z**2 + 75*z - 512. Determine m(68).
-36
Let u(m) = -823*m - 72211. Determine u(-88).
213
Let d(n) = -33052*n - 132228. Give d(-4).
-20
Let g(r) = 4*r**3 + 531*r**2 - 127*r + 1213. Calculate g(-133).
415
Let y(h) = -h**3 + 71*h**2 + 1924*h - 6. Determine y(-21).
162
Let h(m) = -6*m**3 + 151*m**2 + 11421*m + 276. What is h(58)?
-14
Let j(m) = 9*m**2 - 615*m - 6140. Give j(78).
646
Let i(y) = -41*y**2 - 99*y - 776. Give i(-9).
-3206
Let w(h) = -2*h**2 - 3499*h - 686026. Calculate w(-225).
-1
Let h(s) = -46*s**3 - 1659*s**2 - 114*s - 206. What is h(-36)?
10
Let q(m) = 1086*m - 491944. What is q(453)?
14
Let r(f) = 4*f**2 + 125*f - 1445. Calculate r(9).
4
Let y(u) = 2*u**2 + 411*u - 177122. Determine y(212).
-102
Let x(c) = 2*c**3 + 26*c**2 - 4*c - 6. What is x(3)?
270
Let f(m) = m**3 + 28*m**2 + 34*m + 579. What is f(-27)?
390
Let a(p) = p**3 - 5*p**2 + 1653*p - 11642. What is a(7)?
27
Let s(x) = 705*x - 16776. Give s(25).
849
Let v(u) = -u**2 + 877*u - 6088. What is v(7)?
2
Let j(z) = z**2 + 1640*z + 19827. What is j(-12)?
291
Let m(k) = -108*k**2 + 1170*k + 3498. What is m(-3)?
-984
Let t(j) = -4*j**3 - 101*j**2 - 20*j - 116. Determine t(-25).
-241
Let d(c) = -2*c**2 - 105*c + 72901. Calculate d(-219).
-26
Let y(b) = 2*b**2 - 232*b + 1963. Calculate y(9).
37
Let j(k) = -48*k**2 - 10419*k - 522. Calculate j(-217).
129
Let f(q) = -100*q**2 + 21507*q - 1511. Calculate f(215).
-6
Let s(z) = -z**3 - 19*z**2 - 317*z - 9409. Calculate s(-23).
-2
Let t(y) = -43*y**2 - 5274*y + 69476. Give t(12).
-4
Let n(k) = 19092*k + 76585. Calculate n(-4).
217
Let p(j) = 3*j**2 - 206*j - 6661. What is p(-24)?
11
Let f(u) = 33*u**2 - 371*u + 341. What is f(1)?
3
Let g(b) = -b**3 + 162*b**2 + 1003*b + 216. What is g(168)?
-624
Let n(t) = -34*t**2 - 92*t + 25. Calculate n(-3).
-5
Let l(f) = f**2 + 217*f + 10267. Determine l(-169).
2155
Let c(d) = -d**3 - 177*d**2 - 384*d + 109763. Calculate c(-171).
-19
Let q(j) = 7*j**3 - 333*j**2 - 22*j - 4655. Calculate q(48).
1201
Let o(f) = 2*f**2 + 696*f - 54332. Calculate o(65).
-642
Let l(b) = 6*b**2 - 1636*b + 9835. What is l(6)?
235
Let t(f) = -9*f**2 - 556*f + 7227. Give t(13).
-1522
Let c(d) = d**3 - 113*d**2 + 223*d - 1009. Give c(111).
-898
Let h(z) = -79659*z + 3425348. What is h(43)?
11
Let q(j) = 131*j + 703. Determine q(-7).
-214
Let x(n) = 9358*n + 159035. What is x(-17)?
-51
Let r(m) = -26*m**2 + 1822*m - 159. Calculate r(70).
-19
Let l(w) = 128*w**2 + 1041*w - 14. What is l(-8)?
-150
Let s(a) = -a**2 + 241*a - 12149. What is s(116)?
2351
Let y(q) = 5*q**3 - 3*q**2 - 4428*q - 4427. What is y(-1)?
-7
Let j(d) = 148*d - 4091. What is j(29)?
201
Let b(a) = 15*a**2 + 732*a - 3334. Give b(-53).
5
Let h(b) = b**2 + 104523*b + 9085936. What is h(-87)?
4
Let p(q) = q**3 - 80*q**2 - 997*q - 385. Determine p(91).
-21
Let r(x) = -4329*x - 60604. Calculate r(-14).
2
Let y(g) = -402*g + 181. Determine y(-4).
1789
Let w(u) = -u**3 + 340*u**2 - 2004*u - 26. What is w(334)?
-26
Let v(c) = -c**2 - 2892*c + 195142. Determine v(66).
-86
Let b(n) = -2*n**3 - 4*n**2 + 3912*n - 7814. Give b(2).
-22
Let d(p) = -p**3 + 89*p**2 - 549*p + 66506. Calculate d(91).
-15
Let a(b) = -2*b**3 + 49*b**2 + 2016*b - 50076. Determine a(25).
-301
Let x(q) = q**3 + 52*q**2 - 372*q - 129. What is x(7)?
158
Let z(l) = -4*l**2 + 6224*l + 20. What is z(0)?
20
Let t(p) = -369*p**2 + 1148*p - 126. Give t(3).
-3
Let j(r) = r**3 + 2*r**2 - 663*r - 4275. What is j(-7)?
121
Let a(j) = -j**3 + 134*j**2 - 302*j - 11920. Calculate a(131).
1
Let l(y) = -y**3 - 232*y**2 + 56768*y + 150. Give l(149).
1
Let r(z) = z**3 + 141*z**2 - 1061*z - 3729. Determine r(-148).
-29
Let s(m) = 2635*m - 86951. Give s(33).
4
Let b(x) = 147125*x + 1912562. Determine b(-13).
-63
Let s(i) = 40230*i - 161077. What is s(4)?
-157
Let k(f) = 310*f + 53655. Calculate k(-172).
335
Let g(l) = -24*l**2 - 2466*l - 68. Determine g(-103).
-686
Let k(d) = 50*d**2 - 500*d + 345. Determine k(10).
345
Let x(u) = 12*u**2 + 124425*u - 497884. Determine x(4).
8
Let z(c) = 5544*c - 376987. Determine z(68).
5
Let c(u) = 1457*u + 25761. Calculate c(-18).
-465
Let p(v) = 86687*v + 520114. Calculate p(-6).
-8
Let j(x) = x**2 + 256*x + 11503. Calculate j(-53).
744
Let f(q) = -14892*q + 89337. What is f(6)?
-15
Let f(m) = -m**3 - 477*m**2 + 1722*m + 365935. Give f(-479).
-21
Let r(f) = f**3 - 279*f**2 - 29578*f - 8657. Give r(361).
7
Let y(t) = -40*t**2 + 521*t - 475. Give y(12).
17
Let j(t) = t**3 - 21*t**2 - 168*t - 104. Give j(28).
680
Let o(b) = -b**3 + 7*b**2 - 4209*b + 25213. Calculate o(6).
-5
Let z(s) = 11*s**2 - 14043*s - 56166. Giv